ate the remainder when g is divided by ((6 - 27)/(-3))/1.
4
Let b(f) = 66*f**2 + f. What is the remainder when b(1) is divided by 24?
19
Let p = -3 - -22. Calculate the remainder when (-3)/3 - -37*1 is divided by p.
17
Let l(r) = -r + 15. Suppose -2*u - 3*p = 7, -5*u + 5*p + 52 - 7 = 0. What is the remainder when l(0) is divided by u?
3
Let k(p) be the third derivative of -p**4/6 - p**3 + 2*p**2. Calculate the remainder when (-28)/(-3)*(0 - -3) is divided by k(-4).
8
Let i be 3*11 + (0 - 2). Let q = 21 - i. What is the remainder when 7 is divided by 46/10 + (-4)/q?
2
Let l = 33 - -11. Let j = l + -24. What is the remainder when 588/10 - (-6)/30 is divided by j?
19
Let q(s) = s**2 - 5*s - 1. Let t be -9*1/3*-2. Suppose 85 = -p + t*p. What is the remainder when q(10) is divided by p?
15
Let n = -17 - -42. Suppose -3 - 13 = -4*h. What is the remainder when n is divided by (1 + (-2)/h)*26?
12
Let p = -17 - -44. What is the remainder when 106 is divided by p?
25
Suppose 15 = 5*b + 2*a + 3, a - 9 = -4*b. Let c be (-1)/(-2)*8/b. Suppose 7*s = c*s + 20. Calculate the remainder when 7 is divided by s.
3
Let y(c) = -c**3 - 3*c**2 - 3*c - 3. Let g be ((-6)/(-2))/(-3)*-1. Suppose -5 = 2*v + g. Calculate the remainder when 16 is divided by y(v).
4
Let x(z) = 2*z**2 - z - 11. What is the remainder when x(5) is divided by 9?
7
Suppose 40 = 3*g + g. What is the remainder when 28 is divided by g?
8
Let d = 2 + 60. What is the remainder when d is divided by 22?
18
Let k = 4 - -14. Calculate the remainder when k is divided by 10.
8
Suppose 40 = 2*x + 2*x + 4*d, 0 = 2*x - 5*d + 15. Calculate the remainder when x is divided by 3.
2
Suppose -3*q - 5 = -2*z + 3, 4*z - 4*q - 20 = 0. Let b = 29 - 17. What is the remainder when b is divided by z?
5
Let m = -38 + 47. Calculate the remainder when 44 is divided by m.
8
Suppose -2*b = -2*r - 4*b + 56, 4*b + 86 = 2*r. Suppose -4*c = -3*j + c + 49, 2*j = 3*c + r. Calculate the remainder when 53 is divided by j.
17
Let k be -2*(-2)/((-4)/(-909)). Calculate the remainder when k/21 - (-2)/(-7) is divided by 88/(-6)*9/(-6).
21
Let n = 70 - 43. Calculate the remainder when 132 is divided by n.
24
Suppose -h + 4 - 2 = 0. Suppose h*x = x + 9. What is the remainder when 16 is divided by x?
7
Let w(p) = 4*p - 2*p - 2 + 3*p - 3*p. What is the remainder when 7 is divided by w(3)?
3
Let d(i) = 4*i + 2. Let v(z) = z**2 + 17*z + 21. Let c be v(-16). Calculate the remainder when 64 is divided by d(c).
20
Let y be 3/(-6)*(-1 + 1). What is the remainder when 41 is divided by (-28)/(-2 + 0 + y)?
13
Let c(r) = -4*r - 6. Let u be c(-4). Let k(i) = i**3 - 11*i**2 + 11*i - 8. What is the remainder when k(u) is divided by 1?
0
Suppose -5*t = -4*g + 276, -5*g - 7*t = -4*t - 345. What is the remainder when g is divided by 7?
6
Let v = -11 - -14. Calculate the remainder when 27 is divided by v.
0
What is the remainder when 87 is divided by (-22)/(-2)*(-1 - -3)?
21
Let d = 6 - -15. What is the remainder when 56 is divided by d?
14
Suppose 0*a = 3*a + 5*i - 51, -2*a + 3*i + 34 = 0. What is the remainder when 30 is divided by a?
13
Suppose m = -s + 15, s + 33 = -0*m + 3*m. Let l(d) = -35*d**3 + d**2 + 3*d + 2. What is the remainder when l(-1) is divided by m?
11
Let a be -1 - ((2 - 0) + -1). Let s(z) = z + 1. Calculate the remainder when 18 - (-7 - -3 - a) is divided by s(6).
6
Let z = -16 - -28. Calculate the remainder when 31 is divided by z.
7
Let z(v) = -v**2 + 11*v - 17. What is the remainder when ((-12)/8)/(6/(-200)) is divided by z(5)?
11
Let c = 7 - 1. Suppose -c*l + 2*l + 2*b + 220 = 0, 0 = -3*l + b + 166. Calculate the remainder when l is divided by 19.
18
Suppose -3*t = -b + 2*b + 4, -2 = -3*t - 4*b. Let z(j) = -2*j**3 + 33*j**2 - 15*j - 4. What is the remainder when 35 - ((1 - -2) + t) is divided by z(16)?
10
Let q(l) = 6*l - 6. Calculate the remainder when -3 + (21 - 4)*3 + 4 is divided by q(4).
16
Let z(g) = 6*g - 1. Let r be z(1). Suppose -4*y - 2*v = -r*y + 1, -5*y + 32 = -v. What is the remainder when y is divided by 4?
3
Suppose -3*s + 2*m = -47, -17 + 50 = s - 5*m. Calculate the remainder when s is divided by 7.
6
What is the remainder when (-16 - -15)*(-1 + -57) is divided by 15?
13
Let q = 29 - 12. What is the remainder when 78 is divided by q?
10
Suppose v + 4*r - 74 = 0, v - 90 = 3*r + 5. Suppose -3*m + 48 + 5 = -2*k, -5*k = 4*m - v. Calculate the remainder when m is divided by 11.
8
Suppose 0*k - 69 = -2*k - 3*d, 5*d - 71 = -2*k. Let h = 5 - -12. Calculate the remainder when k is divided by h.
16
Suppose -11*y + 14 = -10*y. Calculate the remainder when 38 is divided by y.
10
Let o(u) = 4*u**2 - 2*u. What is the remainder when o(5) is divided by 23?
21
Suppose -22 = c - 2. Let l be ((-56)/c)/(1/10). Suppose -2*m + 0*i = 2*i - l, -m - 3*i = -10. Calculate the remainder when m is divided by 9.
7
Suppose 0 = 3*a - 5*z - 6, 0 = -3*a + z - 1 + 7. Suppose -a*c = -8, -c - 4*c - 36 = -4*x. Calculate the remainder when 67 is divided by x.
11
Let b = -49 + 86. What is the remainder when b is divided by 13?
11
Let x be 3 + -3 - (0 - 2). Suppose -29 = -5*k - y, 3*y - x*y = 4. Calculate the remainder when 13 is divided by k.
3
Let g = -5 - -5. Suppose 0*u - u + 62 = g. Calculate the remainder when u is divided by 21.
20
Suppose -h + 21 - 9 = -4*i, -h + 11 = -3*i. Let f = -3 + 3. Suppose f*r + r - 14 = 0. Calculate the remainder when r is divided by h.
6
Let o(b) = b**3 - 9*b**2 - 12*b + 14. Calculate the remainder when o(11) is divided by 25.
24
Let y(f) = -f + 11. Calculate the remainder when 103 is divided by y(3).
7
Let y(s) be the first derivative of s**3/3 + s**2/2 - 4*s - 1. Calculate the remainder when y(3) is divided by -10*(-1)/(-4)*-2.
3
Calculate the remainder when 54 is divided by 4 - (-28)/(8 + -4).
10
Let a = 22 - 7. Calculate the remainder when 59 is divided by a.
14
Let a(m) = 2*m**3 + 3*m**2 + 2*m + 4. Let y be a(3). Suppose t + 24 = 4*t. Calculate the remainder when 1/4 + y/4 is divided by t.
7
Let q(u) = -u**2 + 3*u + 17. What is the remainder when 98 is divided by q(0)?
13
Let a = 2 - 8. Let s be a/(((-9)/(-6))/(-1)). Suppose -s*m - 4 + 12 = 0. Calculate the remainder when 5 is divided by m.
1
Let o be 1*((-44)/(-1))/4. Let q = o - 2. What is the remainder when 23 is divided by q?
5
Suppose 5*z + 3 = 28. Suppose y = z*y. Suppose -3*g + o = -26 - 27, y = -2*o - 10. What is the remainder when g is divided by 9?
7
Let y(d) = d - 10. Let b be y(7). Let j be (-2 - b)/((-2)/58). Let x = j + 54. What is the remainder when x is divided by 9?
7
Let z = 18 - 7. What is the remainder when z is divided by 2?
1
Suppose -l + 6 - 2 = 0. Suppose -35 = -5*q - 5*f, -l*q - q = -2*f - 28. What is the remainder when 32 - q*2/4 is divided by 8?
5
Suppose -y + 4*i = 0, -y = i - 2 - 23. Calculate the remainder when 99 is divided by y.
19
Let k = -6 - -9. Let f(a) = 2*a - 6. Let n be f(6). Suppose -k*y = -y - n. Calculate the remainder when y is divided by 3.
0
Suppose 3*n - 3*p = 3, -4*n - p = -2*n - 14. Suppose 0 = -2*r - g - 1, 7 + 4 = -4*r - n*g. What is the remainder when 1 is divided by r?
0
Let n = -61 - -87. Suppose -w = -n - 14. Let d = w - 15. What is the remainder when d is divided by 7?
4
Let v(m) = -8*m + 1. Let d(w) = -23*w + 4. Let y(p) = 2*d(p) - 7*v(p). Calculate the remainder when y(1) is divided by (-88)/(-14) + (-2)/7.
5
Let b(x) = x**3 + 3*x**2 - 13*x - 8. Calculate the remainder when 48 is divided by b(-5).
6
Suppose d - 21 = -5*h + 10, -5*d = 3*h - 45. Suppose -4*c + 5*b + 34 = 0, -3*c - 3*b + d*b = -27. Calculate the remainder when 42 is divided by c.
9
Let b = -32 + 70. Calculate the remainder when b is divided by ((-14)/(-4) - 3)*78/3.
12
Let w be (-4)/14 - 667/(-7). Suppose -w = -p - 4*p. Suppose 2*k - 11 = -3*x + 3, 0 = x. Calculate the remainder when p is divided by k.
5
Let r = 16 - -3. Calculate the remainder when r is divided by 7.
5
Let d = 21 + -3. What is the remainder when d is divided by 11?
7
Suppose 2*f + t + 7 = -0*t, t - 5 = 0. Let j(i) = -i**3 + 8*i**2 + 8*i + 6. Let v be j(9). What is the remainder when (20/v)/(1/f) is divided by 14?
12
Suppose 23*x = 15*x + 56. Calculate the remainder when x is divided by 2/4*(4 - 0).
1
Let g(s) = -6*s + 11. Calculate the remainder when g(-6) is divided by 12.
11
Sup